 66. Calculate the highest common divisor of 33 and b.
11
Let k be 3 + 5/(1 - 6). Let a(z) = 4*z**3 - 1 - z**3 - 2*z**3 - 3*z + 9*z**k - 16. Let t be a(-9). What is the greatest common factor of t and 80?
10
Let c be 7*9/63*21. Let r be (3/(-2))/(6/(-8)). Suppose 9 - r = k. Calculate the highest common factor of k and c.
7
Let p = 996 + -571. Calculate the highest common factor of 25 and p.
25
Let w(p) = 9*p**2 + 13*p - 4. Let k be w(-2). Calculate the greatest common factor of k and 4.
2
Let j be ((-1650)/77)/((-1)/7). Suppose -j = 2*g - 8*g. What is the greatest common factor of 200 and g?
25
Let c be 0 - -11 - 24696/(-24). What is the highest common factor of 200 and c?
40
Suppose -5*t + 4 + 11 = 0. Suppose -81 = 182*q - 185*q. Calculate the highest common divisor of t and q.
3
Let i(h) = 35*h - 30. Let d be i(5). Calculate the greatest common factor of d and 29.
29
Suppose f - 116 = -4*w - 25, -5*w + 107 = -f. What is the greatest common factor of w and 154?
22
Let f(c) = c**2 + 3*c - 12. Let d be f(13). Calculate the highest common divisor of d and 4.
4
Let c(d) = 2*d**2 - 9*d - 12. Let a be c(12). Calculate the highest common divisor of a and 24.
24
Let n be 16 - (3 - (-1 - -6)). Let m be (-6)/n - 25/(-3). Let z(d) = d**3 + 9*d**2 + 8*d + 4. Let j be z(-6). Calculate the highest common divisor of j and m.
8
Let d = -644 - -678. What is the greatest common divisor of 986 and d?
34
Let p = 45 + -24. Suppose -w - 10 = -3*w. Suppose -w*s + 413 = -322. What is the greatest common factor of p and s?
21
Let d be (-1188)/(-88)*124/6. Calculate the greatest common divisor of d and 9.
9
Let t = -688 + 694. Calculate the highest common divisor of t and 3.
3
Let p(f) = -f**3 - 2*f**2 - 2. Let w be p(-2). Let d be (31/w)/(12/(-24)). Calculate the highest common factor of 31 and d.
31
Let b = -472 - -850. Suppose w - 3*w = -b. Let t be -42*-1*(-1)/(-2). Calculate the greatest common factor of t and w.
21
Suppose 4 = -4*d + 60. Let z be (2/(-7))/((-2)/d). Suppose -f - 2*g + 8 = 0, 2*g - 4*g - 4 = -z*f. What is the greatest common factor of 6 and f?
2
Suppose 13*m - 1962 = 11961. Calculate the greatest common factor of m and 126.
63
Let c be (-3)/3 + 36 + -3. Suppose -1 = -3*u + c. What is the highest common divisor of 77 and u?
11
Suppose -2*k - k - 3 = 0. Let n(r) = -r**2 - 2*r - 1. Let h be n(k). Suppose -4*g + 26 + 70 = h. Calculate the greatest common divisor of 60 and g.
12
Let r = -17 - -13. Let q(h) = -2*h**3 + 4*h**2 + h - 2. Let u be q(r). Suppose 21 = -l + u. What is the highest common factor of l and 15?
15
Let y = 47 - -48. Let d be 37/(-555) + (-1144)/(-60). Calculate the highest common factor of y and d.
19
Suppose 0 = -0*o - 5*o + 450. Calculate the highest common factor of o and 495.
45
Suppose -8*u = -84 - 172. Calculate the highest common divisor of u and 160.
32
Let s be (1 + (-3 - -1))*-10. Suppose -2*c + 0*c + s = 0. Suppose -c*o + 39 = -6. What is the highest common factor of o and 45?
9
Suppose -12*w = -128 - 5944. Calculate the highest common divisor of 44 and w.
22
Let p be (-4)/((-1)/(-1)) - -10. Let x be 3/(-9) + 812/p. What is the greatest common factor of 15 and x?
15
Suppose 3 - 6 = -3*l. Suppose -5*m + d = -12, 10*m - 5*m + 4*d - 2 = 0. Suppose 0 = -7*n + m*n + 15. Calculate the highest common factor of n and l.
1
Let z(n) = 12*n**2 + 5*n - 10. Let m be z(2). Calculate the highest common divisor of 120 and m.
24
Let g be 44/(-3)*9/(-2). Suppose -d = -2*d + g. Let j be 6 + (-140)/24 - 524/(-24). What is the highest common divisor of d and j?
22
Let s(g) = 3 - 4 + 23*g - 2*g - 3. Let w be s(4). Let v(b) = -b**2 + 3*b + 24. Let q be v(4). What is the greatest common divisor of w and q?
20
Let q(z) = -10*z + 1. Let u be q(5). Let b = 64 + u. Suppose l = 3 + 7. What is the greatest common divisor of l and b?
5
Let r be (3 + -1 - -297)*(-30)/(-30). What is the greatest common factor of 13 and r?
13
Let n(w) = 41*w - 4. Let h be n(2). Suppose v = 4*v - h. Suppose -4*q + 3*q = -13. Calculate the highest common factor of v and q.
13
Let v(j) = 1244*j - 3702. Let p be v(3). Let o = 16 - -2. What is the greatest common factor of p and o?
6
Let c = 36 + -32. Suppose 104 = 5*w + c. Let p be (-3)/(-1 + 74/80). What is the greatest common factor of p and w?
20
Suppose 9*f - 73 = -3*g + 7*f, 4*f - 31 = -g. Let r be (-1)/((-1)/(-4)) - (g + -49). What is the greatest common factor of r and 22?
22
Let z be (-5 + -1)/(4 - 5). Suppose 12*x - 17*x - 3*a = -384, 3*x = a + 236. Calculate the highest common divisor of z and x.
6
Suppose 20*u + r = 23*u - 314, -228 = -2*u - 4*r. What is the highest common factor of 901 and u?
53
Suppose 2*c - 2 = 0, 33 = h - 3*c + 4*c. What is the greatest common divisor of h and 24?
8
Suppose -4*h = -5*h + 7. Calculate the greatest common factor of h and 161.
7
Suppose b - 4*b + 4*a + 2 = 0, 2 = 2*a. Suppose b*m - 600 = -3*m. Let l = -68 + 83. What is the greatest common factor of l and m?
15
Let m(i) = 84*i - 847. Let p be m(21). Calculate the highest common divisor of p and 262.
131
Let f = -3 - -3. Suppose f = 2*s - 20 - 6. Let l(r) = 2*r - 9. Let b be l(11). Calculate the greatest common divisor of b and s.
13
Suppose 5*j = 40 + 15. Suppose o - 72 = 16. Calculate the highest common factor of o and j.
11
Let q(b) = b + 12. Let a be q(-9). Suppose -8*c + 20 = -a*c. Suppose 2*o = 3*o + c*k - 92, -5*k + 412 = 4*o. Calculate the highest common divisor of o and 27.
27
Let w be (-4)/(-14) - 290/(-14). Let m = -1753 + 1756. Calculate the greatest common divisor of m and w.
3
Let n be 5 + -7 + 3 - -21. Let k be 11*4*((-18)/(-4) - 3). Calculate the highest common divisor of k and n.
22
Let p be -5*((-6)/(-10) - 2). Let y(w) = -13*w - 167. Let z be y(-15). What is the highest common factor of p and z?
7
Let u(b) = 4*b + 135. Let k be u(-32). Calculate the highest common factor of k and 49.
7
Suppose -26 + 38 = n. What is the highest common factor of 516 and n?
12
Let a(m) = 9*m - m**2 + 4 - 13*m - 7. Let t be a(-2). Let p(l) = l**2 + 7*l - 7. Let y be p(-8). What is the greatest common factor of t and y?
1
Suppose 15 = -5*r, -2*z - z + 363 = 5*r. Calculate the highest common divisor of 42 and z.
42
Let a be (3/6)/(5/(-10)). Let y be 26/(-39)*(-13 - a). Suppose y*v - 10*v + 44 = 0. Calculate the highest common divisor of v and 66.
22
Let n(a) = -a**3 - 12*a**2 - 12*a - 10. Let r be n(-11). Let c be ((-145)/(-5) - r)*3. What is the highest common divisor of c and 14?
14
Let q be (-103)/(618/(-36)) + (47 - -1). Suppose -4*j + 5 = -7. Calculate the greatest common divisor of j and q.
3
Let n(k) = 42*k. Let v be n(6). Suppose 75 + 38 = 3*l - s, -s - 185 = -5*l. What is the highest common factor of v and l?
36
Suppose 9*t - 230 = -50. Calculate the highest common factor of t and 260.
20
Let h(k) = 11*k - 51. Let p be h(7). Let b be 8/(-12)*117/(-2). Calculate the highest common divisor of p and b.
13
Let u = -201 + 516. Suppose -5*f - 80 = -3*t, -3*f + 85 = 2*t - 0*f. What is the highest common factor of t and u?
35
Let n = 410 - -372. What is the highest common factor of 46 and n?
46
Suppose 3685 = 37*y + 355. Suppose -5*u = -0*u - 90. What is the highest common factor of u and y?
18
Let c = -26 + 28. Let v be c/(-11) + (-46)/(-11). Let g be -2 + 3 - (-7 + 0). What is the highest common factor of g and v?
4
Let u = 32 - 6. Suppose -h + 17 = z, -3*h = z - 27 - u. Calculate the highest common divisor of 9 and h.
9
Suppose 2*m = 9*q - 11*q + 222, m - 3*q - 123 = 0. What is the highest common factor of 42 and m?
6
Let d be 120/16*(-4)/(-10). Suppose 5*t - 2 = d*t. Let b be (1 + 3)/(t/10). Calculate the greatest common divisor of 5 and b.
5
Let b(c) = c**3 - 11*c**2 + 16*c - 14. Let q be (4/3)/(2/15). Let v be b(q). What is the highest common factor of v and 184?
46
Suppose j + 5 = 0, -3*n - j + 6*j + 1753 = 0. Suppose 0 = -5*y - 4*y + n. Suppose 2*z - 4 = 28. What is the highest common divisor of y and z?
16
Let a(g) = g**3 - g**2 + 7. Let s be a(0). Let m = 1405 - 1328. Calculate the greatest common divisor of s and m.
7
Let c(t) = 16*t**2 - 3*t + 27. Let o be c(-6). Calculate the highest common divisor of 81 and o.
27
Let u(t) = -t - 6. Let b be u(-8). Suppose -b*h = -73 - 35. Let f be h - (2 + (3 - 5)). Calculate the hig